27). What is the greatest common factor of 116 and w?
29
Suppose -5*d + 2632 = -5*d + 4*d. What is the highest common factor of d and 188?
94
Let v be (4/5)/(14/140) + (-4422)/(-22). Calculate the greatest common factor of v and 704.
11
Let b(g) = g - 8. Let j be (3/2)/(-3 + 252/80). Let n be b(j). Suppose n*h + 4*d + 0 - 18 = 0, -h - 3*d = -8. What is the greatest common divisor of h and 99?
11
Let b be 0 - (-2)/(-1) - -13. Suppose -6*w = -292 - 236. Suppose -2*c + 3*m + w = -139, -4*c = 2*m - 494. What is the greatest common divisor of b and c?
11
Let j(m) = -3*m - 2. Let f be j(-8). Suppose 0 = 2*v + 63 - 69. Suppose 62 = v*u - 5*k - 276, 2*u = 4*k + 222. Calculate the highest common divisor of u and f.
11
Suppose 15*c - 1018 - 141 - 2313 = -41*c. Suppose 5*k - 5*b = 3385, 2*b - 334 = -3*k + 1722. Calculate the greatest common factor of k and c.
62
Suppose 0 = -2*f - 3*j + 44, 4*f - 54 = 5*j + 34. What is the highest common factor of 1650 and f?
22
Let y be (8/6)/((-5)/41715). Let w be (-23)/(483/y) + (-2)/(-7). What is the highest common factor of 10 and w?
10
Let t = 87 + -82. Suppose -t*a + 4*f = -550, 16*a - 15*a - 2*f = 110. Calculate the highest common divisor of 30 and a.
10
Suppose -1570 = -8*s - 346. Let j = -83 + s. What is the greatest common factor of j and 35?
35
Suppose 9*y = -6*y + 135. Let x be (-1408)/(-6) + y/27. Calculate the highest common divisor of x and 47.
47
Let o(i) = 3*i**2 - 3*i - 81. Let r be o(-8). Let v be (-2 + 15)*1 + 2. Calculate the highest common divisor of r and v.
15
Suppose -441 = 16*x + 33*x. Let k be -7 - 570/x - 2/6. Calculate the greatest common divisor of 35 and k.
7
Let r = 464 - 301. Suppose -r = -17*v + 58. Calculate the greatest common factor of v and 117.
13
Let p = -1472 + 4440. What is the highest common factor of p and 56?
56
Suppose -2*s = -2*w + 1416, -s + 1285 = 4*w - 1562. Let z = w + -700. What is the greatest common divisor of z and 99?
11
Let w = -84 - -81. Let p(u) = -195*u - 9. Let y be p(w). What is the greatest common factor of y and 64?
64
Let n(g) = g**3 + 16*g**2 + 15*g + 8. Let s be n(-16). Let r = 340 + s. Calculate the greatest common divisor of r and 8.
4
Let x = 1875 - 1864. Calculate the greatest common divisor of x and 43.
1
Suppose -4 = 8*q - 10*q. Suppose 60 = -q*b - 2*b. Let u be 36/(-16)*20/b. Calculate the highest common factor of 9 and u.
3
Let m be 4/6 - (-115)/3. Suppose -k = 2*o + k - 1898, -2*o - 3*k = -1895. Suppose 23*g - o - 543 = 0. What is the highest common divisor of g and m?
13
Let b = 31764 - 31699. What is the greatest common factor of 15080 and b?
65
Let d = 27 + -21. Suppose 0 = 83*f - 85*f + 54. Suppose -p - 21 + f = 0. Calculate the greatest common factor of p and d.
6
Let d be -6 - 9/(36/(-916))*141. Calculate the highest common factor of 51 and d.
51
Let z = 1108 - -817. What is the greatest common factor of 154 and z?
77
Let w = 26 - 76. Let p = w + 71. Suppose -u = -3*g + 4*u + 587, 382 = 2*g - u. Calculate the highest common divisor of g and p.
21
Let k = -3032 - -3204. Calculate the highest common divisor of 1978 and k.
86
Let c be (-20)/15*(3 - (-27)/(-6)). Suppose 0 = -2*t + g + 64, c*g - 245 = -5*t - 67. Let m = 52 - t. What is the greatest common factor of m and 45?
9
Suppose 45*m - 43*m - 6 = 0, -5*m - 150 = -5*v. What is the greatest common divisor of v and 87?
3
Let c = 24 - 21. Suppose -33 = c*s + 21. Let j be (-3)/((-2)/s*-3). What is the greatest common divisor of j and 1?
1
Let b be ((-948)/395)/((-12)/16155). Calculate the greatest common divisor of 9 and b.
9
Let k = 64 - 73. Let f be (-1)/3 + 24/k - -15. Calculate the highest common factor of 276 and f.
12
Let n = -583 + 563. Let d(c) = -54*c - 179. Let g be d(n). What is the greatest common factor of g and 53?
53
Suppose -6*n + 151 - 31 = 0. Let a = -3 + 73. What is the greatest common factor of a and n?
10
Let v(q) = -10*q - 227. Let b(n) = -8*n - 227. Let d(i) = -7*b(i) + 6*v(i). Let z be d(-44). What is the greatest common factor of 31 and z?
31
Suppose -8 = -21*m + 13*m. Let p be -1 + 3/m - (-87)/3. Calculate the greatest common divisor of p and 155.
31
Let d(v) = v**2 - 18*v + 99. Let u be d(7). What is the highest common divisor of 114 and u?
2
Let w = -173 + 195. Suppose -w*c - 203 = -907. Calculate the greatest common factor of c and 48.
16
Let s(t) = t**2 + 2*t + 3. Let j be s(-2). Suppose 0 = 63*z - 90 - 162. What is the highest common factor of z and j?
1
Let r be (-17 - -7)/(-20) + (-45)/2. Let g = r - -121. What is the greatest common factor of g and 165?
33
Let f be 756/10 - (-118)/295. What is the greatest common divisor of 1007 and f?
19
Let u = 6 + -6. Suppose b - 4 - 2 = u. Let k be ((-48)/120)/(122/(-60) + 2). Calculate the highest common factor of k and b.
6
Let k be 33568/20 + 10 - (48/20 + -2). What is the highest common divisor of k and 20?
4
Let q = -15 - -18. Suppose -2*z + 6 = 4*i - 2*i, -q*z = -5*i + 31. Suppose 2*f + 1 + 1 = -2*g, i*g = -25. What is the highest common factor of f and 12?
4
Suppose 11381 + 3439 = -15*c. Let y be (2 - -2) + c/(-38). Calculate the greatest common factor of 130 and y.
10
Let r(x) = 4*x**3 + 2*x + 5 + 6*x**2 + 25*x - x**3 - 4*x**3. Let g be r(9). Calculate the greatest common divisor of g and 4.
1
Let x(c) = 42*c**3 - c**2. Let t be x(1). Let v = t + -23. Let u be ((-124)/(-4))/(9/36) + 8/4. Calculate the greatest common factor of u and v.
18
Let u(c) = 96*c - 1965. Let b be u(36). Calculate the highest common factor of b and 105.
21
Let j(s) = -s**3 + 11*s**2 + 2*s - 22. Let k be j(11). Suppose -105*q + 105 = -102*q. Suppose h - 38 + q = k. What is the highest common divisor of h and 24?
3
Suppose -1306 = -30*n + 374 - 120. What is the highest common divisor of n and 195?
13
Let g(y) = -y**2 - 2*y - 91. Let l be g(0). Let p be (3848/7)/2 - 13/l. Suppose 12*m = 7*m + p. What is the highest common divisor of m and 11?
11
Let q(l) = -l**2 + 8*l + 258. Let k be q(20). What is the greatest common divisor of k and 294?
6
Let l be (((-1152)/168)/8)/((-6)/196). Calculate the highest common factor of l and 9268.
28
Suppose -1201*u + 1203*u = 4*a + 380, -3*u + 515 = 5*a. What is the greatest common divisor of 13140 and u?
180
Let y = 5322 + -4898. What is the greatest common factor of y and 64?
8
Let j(i) = -14*i + 756. Let c be j(10). Calculate the highest common divisor of 224 and c.
56
Let l = -300 - -776. Suppose -n = 0, -14*q + 10*q + l = -4*n. What is the greatest common divisor of 17 and q?
17
Let i be (-64 + 2/(-3)*3)*(-21)/6. Calculate the greatest common factor of i and 957.
33
Let n be (-44)/(-66) + (-142)/(-3). Suppose -2*l + 3*l + 5*x = 42, 2*l = 2*x + n. What is the greatest common divisor of l and 36?
9
Let f be (4 + 13 + -14)*96/9. Calculate the highest common divisor of 56 and f.
8
Suppose -7*k = -113 - 83. Let z be -3 + 54 + -3 + 8. What is the highest common divisor of k and z?
28
Let c = 16489 - 16033. What is the highest common factor of 627 and c?
57
Let d = -112 - -117. Suppose 4*y - 133 = -d*v, 0 = -4*y - 3*v - 0*v + 123. What is the highest common factor of 36 and y?
9
Let v be (-6)/2*(-5)/(135/243). Let u = 146 + 55. Suppose -4*t + 1065 = u. Calculate the greatest common divisor of t and v.
27
Suppose -5*k = -10*k + 100. Let q = 542 + -1852. Let o be 20/12 - (-1)/((-6)/q). Calculate the highest common divisor of o and k.
20
Let p be (-20)/(-3)*6/5. Suppose 5*m = x - 630, 798 + 4390 = 8*x - 3*m. Suppose x = p*k - 3*k. What is the greatest common divisor of 26 and k?
26
Let k be (2/3)/((-6)/(-135)). Calculate the highest common divisor of 6 and k.
3
Suppose 162*n = 101*n + 18117. Calculate the greatest common divisor of 33 and n.
33
Let n(m) = -m**2 - 2*m + 75. Let g be n(-8). Calculate the greatest common divisor of g and 1647.
27
Suppose -4 = -2*t, -2*x - 9*t + 18 = -5*t. Suppose 5*o = x, 12 + 79 = z + 4*o. What is the highest common factor of z and 3?
3
Suppose -8 = -2*b - 12. Let a be b/((-2)/(-456)*-4). Calculate the highest common divisor of 152 and a.
38
Suppose 0*h = 6*h - 0*h. Suppose h = 90*n - 88*n - 4. Suppose -n*q - 4*q + 144 = 0. Calculate the greatest common factor of q and 264.
24
Let i = 7 + 0. Suppose -x = -i*x + 468. Suppose x = -5*l + 203. What is the greatest common factor of 5 